ose 5*i = -2*m - 57, m + 2*i + 58 = -2*m. Let q = m + 56. What is the tens digit of q?
4
Let u(n) = -2*n - 5. Let v be u(-4). Suppose 16 = v*i - i - 3*g, -5*i = -4*g - 26. Let t = i + 0. What is the units digit of t?
2
Suppose -2*i = -6*i. Suppose i = -2*h + g + 31, -4*h + 61 = h + 3*g. What is the units digit of h?
4
Suppose 3*o = 2*o + 5, -4*n + 4*o = 0. Suppose -y = 3*y - 132. Suppose -5*t + 5*b + y + 2 = 0, -n = t + 2*b. What is the units digit of t?
3
Let a = -218 - -433. What is the tens digit of a?
1
Suppose 0 = -z + 3 + 6. What is the units digit of 12/(z/3)*2?
8
Suppose 3*p - 5*p = 0. Suppose -4*d = -p*d - 156. What is the tens digit of d?
3
Let k(q) = -q**2 + 13*q - 8. What is the tens digit of k(4)?
2
Let w(b) = -b**3 + 7*b**2 - 7*b - 1. Suppose -4*z = 2*f - 20 + 2, 0 = -5*z - 2*f + 23. Let g be w(z). Suppose x + g = 3*x. What is the units digit of x?
7
What is the units digit of (285/(-20))/(9/(-48))?
6
Let i = 72 + -48. Suppose 41 = 5*n - i. What is the tens digit of n?
1
Let c(m) = -m**3 + 6*m**2 - 5*m + 2. What is the tens digit of c(4)?
1
What is the units digit of 91/(-13)*(-5 - 0)?
5
Suppose 2*i - 5 = -f + 1, 0 = -4*i + 4. Let r be -1*(3 - 2) + f. What is the units digit of r/9 + 8/3?
3
Let j be 1/3 + (-26)/(-3). Let g(m) = 11*m - m + 15*m**2 - 7 - 16*m**2. What is the units digit of g(j)?
2
Let t(i) = 22*i + 1. What is the units digit of t(1)?
3
Let h(f) = -f + 0*f - f**2 - 4*f. Let b be h(-4). Suppose 3*o + 12 = 0, -2*j + o + 10 = b*o. What is the tens digit of j?
1
Let w be -1 + (-7)/3*-3. Suppose v - w*v = 10, 2 = -l - 5*v. Let m = -2 + l. What is the units digit of m?
6
Let g be (-2 - -1)*(-3)/1. Suppose 0 = -f - 4*m + g*m + 13, f - 3*m = -3. What is the units digit of f?
9
Let n = -11 - -8. What is the units digit of (-32)/24*n/2?
2
Let v = -13 + 29. What is the units digit of v?
6
What is the units digit of ((-36)/15)/((-2)/45)?
4
Suppose 0*j = -2*j + 32. Let p be (36/j)/((-1)/4). Let l = 19 + p. What is the units digit of l?
0
Suppose -q = 5 - 9. Suppose q*f - 5 - 47 = 0. What is the tens digit of f?
1
Suppose -49 + 30 = -h. What is the units digit of h?
9
Let i(s) be the second derivative of -s**8/6720 + s**5/40 - s**4/12 + 3*s. Let p(x) be the third derivative of i(x). What is the units digit of p(0)?
3
Let a be 3/6 - 10/(-4). Suppose 0 = -a*j - 10 + 28. Suppose j - 24 = -3*y. What is the units digit of y?
6
Let w(x) = x**3 + 9*x**2 - 5*x - 2. Let t(z) = 2*z**3 + 10*z**2 - 5*z - 1. Let h(f) = -2*t(f) + 3*w(f). What is the units digit of h(4)?
4
Let b be (2/(-4))/(8/(-16)). Suppose 0 = 3*p + 4 - b, -80 = -3*u + 5*p. What is the units digit of u?
5
Let l(y) = 23*y**2 + 2*y - 2. What is the tens digit of l(1)?
2
Suppose 3*b = -b + 8. Suppose -44 = -b*c - 2*c. What is the units digit of c?
1
Let d(c) = -c**3 + 7*c**2 - 6*c + 6. Let n be d(6). Let t(g) = -g + 7. Let v be t(7). Suppose u - n = -v*u. What is the units digit of u?
6
Suppose 0 = -o + 3*h + 14 + 66, 4*h = 8. What is the units digit of o?
6
Suppose 0 = -4*v + 6*v - 298. What is the hundreds digit of v?
1
Suppose z = 6 - 0. What is the units digit of z?
6
Suppose -4*h = -0*h - 5*x - 58, -20 = -2*h - 2*x. What is the units digit of h?
2
Let u = 8 - 5. Suppose u*w + 9 = -6. Let g = -1 - w. What is the units digit of g?
4
Let j be -1 + 3*(-1)/(-1). Suppose -j*z = 14 - 42. What is the units digit of z?
4
Let b = 1 + 2. Suppose -5*d = -42 - b. What is the units digit of d?
9
Let q(u) = -10*u + 27. What is the tens digit of q(-11)?
3
Let m = -288 + 423. What is the units digit of m?
5
What is the tens digit of (7/(-2))/((-30)/28 + 1)?
4
Suppose -20 = -6*g + 11*g. Let o(u) = -6*u. Let l be o(g). Suppose 2*q - l = -0*q. What is the units digit of q?
2
Suppose -t - 3*x - 2*x + 40 = 0, t - 5*x + 10 = 0. Suppose -3*g = -9, t = 7*l - 3*l + g. Suppose 8*u - 60 = l*u. What is the units digit of u?
2
Let o(p) = 5*p - 60. What is the units digit of o(14)?
0
Let d(k) = -k**3 - 10*k**2 - 9*k + 5. Let v be d(-9). Suppose -19 + 69 = v*r. What is the tens digit of r?
1
Suppose 2*r - 6*r + 20 = 0. Suppose 2*x + 3 - 15 = 0. Suppose r + x = v. What is the units digit of v?
1
Suppose b + 3*g - 55 = -0*b, -2*b - g + 110 = 0. Suppose 0 = 4*l - s - b, -5*l - 5*s + 48 + 2 = 0. What is the tens digit of l + -1 + 3 + 0?
1
Let m(o) = -o**2 - 6*o + 9. Let l be 0 + -2 + -3 + -2. Let a be m(l). Suppose 4*u - 3 = 3*u - f, 0 = f + a. What is the units digit of u?
5
Suppose 0 = 4*l - 6*l + 70. Suppose x - 6*x + l = 0. What is the units digit of x?
7
Let i = 77 - -27. Suppose 0 = -h - 5, i = 4*m + 3*h - 13. What is the units digit of m?
3
Let w = -53 - -161. What is the hundreds digit of w?
1
Let h(v) = v + 11. What is the units digit of h(12)?
3
Suppose 6 = 6*u - 3*u, 2*u = -z - 2. Let f = -6 - z. Suppose l - 1 = -f*g + 4*g, -3*l = 3*g - 18. What is the units digit of g?
1
Let y = 14 - 10. Let z = y + -11. What is the units digit of (6/z)/((-2)/14)?
6
Suppose 2*d = 3*d - 21. What is the units digit of d?
1
Let g be 0/(1*4/2). Suppose -5*j = 3*z + 15, -5 = 5*j - g*j + z. Suppose 4*t + 0*t - 12 = j. What is the units digit of t?
3
Let n be 2/3 - (-8)/(-12). Suppose n*v - 60 = -5*g - 5*v, -4*g + 5*v + 84 = 0. What is the units digit of g?
6
Suppose -2*c + 48 + 36 = 0. What is the tens digit of c?
4
Let b(w) = -w**3 + w**2 + 6*w + 11. What is the hundreds digit of b(-6)?
2
Let c(v) = -v**3 + 13*v**2 + 15*v - 10. Let u be c(14). What is the units digit of 1*u/8*14?
7
Let u(z) = z**2 + 10. What is the units digit of u(7)?
9
Suppose 0 = 3*n + w - 20, 0 = -3*n - 2*w + 5*w. Suppose 2*p - 2*y = y + 17, 0 = 2*p + n*y - 9. What is the units digit of p?
7
Let g(j) = 8*j**2 - j + 1. Let i be g(1). Suppose -3*m + 3*x - 8 = 2*m, 3*x = 2*m - 4. Let k = m + i. What is the units digit of k?
4
Let m = -53 + 111. What is the units digit of m?
8
Let i(l) = -l**3 + 6*l**2 + 7*l. Let z be i(5). What is the units digit of z/18*9/1?
0
Suppose -2*x = -5*x, 4*x = 2*u - 202. What is the tens digit of u?
0
Suppose -14*d - 3*d + 2261 = 0. What is the units digit of d?
3
Let y = 15 + -10. Suppose -4*t = 5*d - 0*t + 10, 4*d + 2*t = -2. Suppose -2*b - d*i + 12 = 0, 0*b - y*b = -i. What is the units digit of b?
1
Let d = -6 - -16. Let w(j) = -j**2 + 11*j + 5. What is the units digit of w(d)?
5
Let t(b) = -b**2 - 2*b + 3. Let y be t(-4). What is the units digit of -10*(18/y - -3)?
6
Suppose -17 = 3*h - 89. What is the units digit of h?
4
Let j(k) = k**3 - 2*k**2 + k. Let y be j(1). Suppose y*f - f = q + 21, -f - 23 = 3*q. Let g = 31 + f. What is the units digit of g?
1
Suppose -3*b + 5*m - 2 = 0, -1 = -5*b + 4*m - 0*m. What is the tens digit of (52/(-12))/b*-3?
1
Suppose 81 = 4*u + 5*c - 35, 5*u - 3*c = 182. What is the tens digit of u?
3
Let v(u) = 50*u**3 - 3*u**2 + 3*u - 1. What is the tens digit of v(1)?
4
Suppose 6*z - 10 = z. Suppose -x - x + z = -4*b, -x = -b - 3. Suppose x + 7 = h. What is the tens digit of h?
1
Let y(d) = -d + 1. What is the units digit of y(0)?
1
Suppose 2*r = -5*x + 244, -x = -r + 2*r - 119. What is the hundreds digit of r?
1
Let k = 85 + 78. What is the tens digit of k?
6
Suppose k = 4*u + 9, -7*u - 3 = -3*u + 5*k. Let p be 22/6 - u/(-3). Suppose p*n + 2*n + 14 = -2*x, -1 = x + n. What is the units digit of x?
3
Let z(x) = x + 22. Let h be z(-20). Let t be (-9)/(-3) + (-2 - -1). Suppose h*u = 10 - t. What is the units digit of u?
4
Let c(d) = 2*d**3 + 4*d**3 - 5*d**3 - 2*d + 7*d**2 - d**2 - 4. What is the units digit of c(-6)?
8
Let k(p) = p**3 - 2*p**2 + 2. Let w be k(-2). What is the units digit of (-2)/(-7) + (-94)/w?
7
Let q(l) = 5*l**2 - 3*l + 3. Let s be q(2). Suppose 0 = 5*p - s + 7. What is the units digit of (-1*p)/(6/(-9))?
3
Let d(h) = -2*h**3 + 8*h**2 + h**3 + 2*h**3 + 0*h**2 - 8*h + 3. Let i be d(-9). Let r = 16 + i. What is the units digit of r?
0
Suppose 3*p + 3 = 4*p. Let t = p - 0. What is the units digit of t?
3
Suppose -h - 2*h = -4*m + 32, h - 21 = -5*m. Suppose 0 = -n + 2 - m. What is the units digit of (2/3)/(n/(-18))?
4
Suppose 2*r - 3*y = -51, -r - 2*y = -6*y + 33. Let c = -9 - r. What is the tens digit of c?
1
Let q = -1 + 1. Let m(f) = -f - 7. Let p be m(-9). Suppose p*k + 4 - 12 = q. What is the units digit of k?
4
Let t(a) = a**3 + 6*a**2 - 7. Suppose 4*k = -4*w + w - 36, 